0?
2, 3, 5, 19001
List the prime factors of 216039.
3, 23, 31, 101
What are the prime factors of 118923?
3, 7, 809
List the prime factors of 1809952.
2, 163, 347
List the prime factors of 2588340.
2, 3, 5, 179, 241
List the prime factors of 4141125.
3, 5, 409
List the prime factors of 11988087.
3, 359, 11131
List the prime factors of 17451633.
3, 19, 306169
What are the prime factors of 68565?
3, 5, 7, 653
List the prime factors of 855983.
855983
What are the prime factors of 957517?
11, 61, 1427
What are the prime factors of 41843?
41843
List the prime factors of 639521.
19, 97, 347
What are the prime factors of 790210?
2, 5, 19, 4159
What are the prime factors of 66639?
3, 97, 229
List the prime factors of 1175912.
2, 146989
List the prime factors of 11157462.
2, 3, 173, 3583
What are the prime factors of 2082837?
3, 19, 36541
What are the prime factors of 180434?
2, 90217
List the prime factors of 358388.
2, 89597
List the prime factors of 209818.
2, 7, 2141
What are the prime factors of 2801487?
3, 13, 29, 2477
List the prime factors of 210511.
7, 17, 29, 61
List the prime factors of 7251044.
2, 17, 29, 3677
What are the prime factors of 15545282?
2, 7772641
List the prime factors of 10392836.
2, 113, 22993
List the prime factors of 141024.
2, 3, 13, 113
List the prime factors of 649500.
2, 3, 5, 433
What are the prime factors of 16511597?
643, 25679
List the prime factors of 465370.
2, 5, 173, 269
What are the prime factors of 4684?
2, 1171
What are the prime factors of 293474?
2, 19, 7723
What are the prime factors of 2731057?
7, 390151
What are the prime factors of 354389?
7, 50627
What are the prime factors of 10450597?
17, 614741
List the prime factors of 158728.
2, 19841
List the prime factors of 169005.
3, 5, 19, 593
List the prime factors of 484368.
2, 3, 10091
What are the prime factors of 222284?
2, 61, 911
List the prime factors of 11116679.
7, 226871
List the prime factors of 1331059.
1331059
List the prime factors of 1556150.
2, 5, 31123
List the prime factors of 11633.
11633
What are the prime factors of 3541023?
3, 131149
What are the prime factors of 244503?
3, 7, 3881
List the prime factors of 11529217.
7, 1647031
List the prime factors of 3401046.
2, 3, 11, 89, 193
What are the prime factors of 1617548?
2, 404387
List the prime factors of 445241.
71, 6271
What are the prime factors of 155446?
2, 77723
What are the prime factors of 415832?
2, 59, 881
List the prime factors of 10496067.
3, 53, 251, 263
List the prime factors of 234595.
5, 46919
List the prime factors of 5584072.
2, 13, 53693
What are the prime factors of 1647114?
2, 3, 7, 39217
List the prime factors of 8610058.
2, 17, 73, 3469
List the prime factors of 939964.
2, 17, 23, 601
List the prime factors of 3093336.
2, 3, 14321
List the prime factors of 335711.
19, 17669
What are the prime factors of 328960?
2, 5, 257
What are the prime factors of 885526?
2, 442763
List the prime factors of 18180538.
2, 401, 22669
What are the prime factors of 118649?
59, 2011
List the prime factors of 17353034.
2, 8676517
What are the prime factors of 8564678?
2, 1399, 3061
List the prime factors of 34550.
2, 5, 691
What are the prime factors of 279610?
2, 5, 27961
List the prime factors of 1528004.
2, 382001
What are the prime factors of 2468345?
5, 11, 44879
What are the prime factors of 300947?
257, 1171
What are the prime factors of 25063682?
2, 7, 1790263
List the prime factors of 27294433.
27294433
List the prime factors of 3308664.
2, 3, 89, 1549
List the prime factors of 1333158.
2, 3, 222193
What are the prime factors of 290748?
2, 3, 24229
List the prime factors of 10506925.
5, 11, 13, 2939
What are the prime factors of 284725?
5, 7, 1627
List the prime factors of 660171.
3, 220057
List the prime factors of 4720633.
47, 2137
What are the prime factors of 1328828?
2, 332207
What are the prime factors of 2191855?
5, 31, 79, 179
What are the prime factors of 234084?
2, 3, 19507
What are the prime factors of 1061607?
3, 353869
What are the prime factors of 1778074?
2, 889037
What are the prime factors of 4142054?
2, 7, 295861
List the prime factors of 302988.
2, 3, 7, 3607
List the prime factors of 1425211.
101, 103, 137
List the prime factors of 669331.
13, 51487
What are the prime factors of 257118?
2, 3, 42853
List the prime factors of 1337309.
31, 179, 241
List the prime factors of 428952.
2, 3, 61, 293
What are the prime factors of 5386373?
29, 185737
List the prime factors of 4385290.
2, 5, 7, 13, 61, 79
What are the prime factors of 92523?
3, 30841
What are the prime factors of 24800816?
2, 1550051
List the prime factors of 143182.
2, 13, 5507
What are the prime factors of 455593?
73, 79
What are the prime factors of 3370411?
11, 347, 883
List the prime factors of 370178.
2, 185089
What are the prime factors of 239621?
83, 2887
What are the prime factors of 1548454?
2, 109, 7103
What are the prime factors of 5915545?
5, 97, 12197
What are the prime factors of 14213935?
5, 2842787
What are the prime factors of 3649713?
3, 17, 71563
What are the prime factors of 981005?
5, 196201
What are the prime factors of 1820025?
3, 5, 8089
List the prime factors of 5206479.
3, 863, 2011
What are the prime factors of 136235?
5, 11, 2477
List the prime factors of 210150.
2, 3, 5, 467
List the prime factors of 527099.
527099
List the prime factors of 7956860.
2, 5, 461, 863
List the prime factors of 19319783.
7, 499, 5531
What are the prime factors of 35083?
35083
List the prime factors of 10681619.
13, 821663
List the prime factors of 303426.
2, 3, 1873
What are the prime factors of 21766900?
2, 5, 41, 5309
What are the prime factors of 8707?
8707
List the prime factors of 800767.
11, 72797
List the prime factors of 768112.
2, 61, 787
List the prime factors of 1902476.
2, 475619
What are the prime factors of 349621?
313, 1117
List the prime factors of 251380.
2, 5, 12569
What are the prime factors of 213279?
3, 11, 23, 281
List the prime factors of 1800392.
2, 11, 41, 499
List the prime factors of 15739851.
3, 5246617
What are the prime factors of 828111?
3, 276037
What are the prime factors of 2227834?
2, 7, 127, 179
List the prime factors of 214428.
2, 3, 107, 167
What are the prime factors of 361873?
361873
List the prime factors of 768784.
2, 48049
What are the prime factors of 3007261?
3007261
List the prime factors of 216226.
2, 73, 1481
What are the prime factors of 246230?
2, 5, 24623
What are the prime factors of 24586?
2, 19, 647
What are the prime factors of 1914504?
2, 3, 241, 331
List the prime factors of 1005931.
1005931
What are the prime factors of 4459007?
7, 637001
What are the prime factors of 4465424?
2, 17, 16417
List the prime factors of 214277.
7, 4373
What are the prime factors of 6859055?
5, 7, 195973
What are the prime factors of 577959?
3, 47, 4099
What are the prime factors of 6062473?
367, 16519
What are the prime factors of 37889?
37889
What are the prime factors of 380383?
380383
What are the prime factors of 28869?
3, 9623
What are the prime factors of 202527?
3, 13, 577
What are the prime factors of 1680170?
2, 5, 19, 37, 239
What are the prime factors of 304785?
3, 5, 13, 521
List the prime factors of 296442.
2, 3, 43, 383
What are the prime factors of 7272942?
2, 3, 37, 181
List the prime factors of 25037473.
877, 28549
List the prime factors of 231720.
2, 3, 5, 1931
List the prime factors of 3063497.
3063497
List the prime factors of 7631974.
2, 7, 545141
What are the prime factors of 3512198?
2, 109, 16111
List the prime factors of 129753.
3, 13, 1109
List the prime factors of 1962202.
2, 11, 79, 1129
List the prime factors of 252302.
2, 126151
What are the prime factors of 340432?
2, 21277
List the prime factors of 12325707.
3, 41, 33403
List the prime factors of 1071725.
5, 163, 263
What are the prime factors of 506642?
2, 253321
What are the prime factors of 11312715?
3, 5, 754181
What are the prime factors of 308586?
2, 3, 51431
List the prime factors of 21595066.
2, 17, 635149
What are the prime factors of 5153710?
2, 5, 515371
List the prime factors of 13184720.
2, 5, 164809
What are the prime factors of 346990?
2, 5, 7, 4957
What are the prime factors of 14021328?
2, 3, 17, 17183
List the prime factors of 261992.
2, 32749
What are t